e 3?
202110000101
Convert 310321004 (base 5) to base 6.
43004454
What is -21022011202 (base 3) in base 7?
-1136033
42412414 (base 5) to base 8
1271562
Convert 400573 (base 10) to base 9.
670431
Convert -811718 (base 9) to base 7.
-4040123
Convert -212254140 (base 6) to base 3.
-21001210111020
Convert -42310200 (base 5) to base 13.
-c5065
-671424a (base 11) to base 16
-b3b3d8
Convert -312010103 (base 5) to base 9.
-2363386
-386aa (base 12) to base 6
-1352334
10465000 (base 9) to base 2
10011010011111000100000
Convert -15160400 (base 7) to base 10.
-1443197
2221020023 (base 4) to base 15
da3d2
What is -35aa4 (base 13) in base 14?
-27c72
What is 1d2dc9 (base 16) in base 15?
27b8e5
What is -110110111010011110010 (base 2) in base 16?
-1b74f2
21021110201 (base 3) to base 2
100010111101111011
What is 467509 (base 10) in base 15?
937c4
Convert 1101110100110011010 (base 2) to base 11.
28a3a5
Convert 11067776 (base 9) to base 5.
2333001030
What is 100010111011011100011100 (base 2) in base 12?
30969b8
What is 11db8 (base 14) in base 13?
16c78
What is -11222011001 (base 3) in base 8?
-277003
Convert -376176 (base 10) to base 15.
-766d6
-22020012021000 (base 3) to base 6
-233423300
110010010111000101011101 (base 2) to base 9
26751358
Convert 383047 (base 11) to base 16.
938a5
What is -b640e (base 15) in base 6?
-20220035
What is 67c6 (base 14) in base 4?
10121122
What is -12202213 (base 4) in base 2?
-110100010100111
Convert 8245136 (base 9) to base 3.
22021112011020
What is 222001110000 (base 3) in base 13?
14c550
Convert -6757000 (base 8) to base 13.
-4bc36c
What is 111011110001 (base 2) in base 6?
25413
Convert -4316022 (base 8) to base 2.
-100011001110000010010
Convert 1554325 (base 6) to base 15.
1c855
What is 2147c7 (base 16) in base 3?
11002210212010
What is 112202011110 (base 4) in base 5?
3003004042
Convert 6040040 (base 7) to base 12.
2a60b2
1532837 (base 12) to base 16
41912b
-3123040 (base 8) to base 7
-10021536
123210003 (base 4) to base 10
112899
-279880 (base 14) to base 16
-14eb38
Convert 4b8a0 (base 12) to base 16.
19338
6ac6e (base 16) to base 11
279659
What is -99394 (base 10) in base 8?
-302102
What is -321233112 (base 4) in base 5?
-30032002
243242442 (base 5) to base 6
40350523
3160072 (base 9) to base 11
a56912
What is 200303022 (base 4) in base 7?
1066452
90a00 (base 13) to base 9
433827
Convert -25423015 (base 6) to base 15.
-1152c2
What is 143110210 (base 5) in base 12?
304291
What is 13331301111 (base 4) in base 7?
23514345
-1133321323 (base 4) to base 2
-1011111111001111011
44501440 (base 8) to base 7
144420441
What is -2c3154 (base 16) in base 11?
-16a8a70
43230456 (base 7) to base 2
1110000100011011101101
What is 1101011000011100000101 (base 2) in base 8?
15303405
Convert cb5ca (base 14) to base 6.
14315154
What is -24b500 (base 12) in base 5?
-123202321
-10110011000011001011 (base 2) to base 7
-6143104
What is 10010011111100001110 (base 2) in base 11?
3842a9
What is -144a993 (base 11) in base 10?
-2488830
What is 4545ba (base 15) in base 3?
20012221012011
What is 5014641 (base 7) in base 11?
375042
Convert -3101100 (base 7) to base 13.
-cc62a
202011020033 (base 4) to base 2
100010000101001000001111
What is 17423 (base 10) in base 14?
64c7
-2144143 (base 6) to base 8
-321277
Convert 22102121021212 (base 3) to base 15.
5d75b2
What is -201101020002 (base 3) in base 14?
-9d011
Convert -1502999 (base 10) to base 8.
-5567427
Convert -84064 (base 10) to base 14.
-228c8
What is 24102501 (base 7) in base 15?
2c2ab6
What is -5345530 (base 6) in base 13?
-92982
What is -101322101013 (base 4) in base 14?
-8a3091
311457 (base 10) to base 15
6243c
Convert 24f652 (base 16) to base 14.
470ad4
Convert -10001011111100110100 (base 2) to base 10.
-573236
Convert -3227603 (base 8) to base 9.
-1556325
Convert -1001011011010010000000010 (base 2) to base 14.
-28a82b0
Convert 11022000211 (base 3) to base 5.
10201321
1303223 (base 4) to base 9
11135
Convert -215465 (base 8) to base 11.
-4a520
Convert 2792470 (base 10) to base 13.
76a065
Convert 1220213233 (base 6) to base 2.
110101011101011110110101
Convert 334a44 (base 14) to base 12.
6bbb30
Convert -120213423 (base 5) to base 11.
-349453
Convert 14120010 (base 5) to base 2.
100011011001101101
-3545313 (base 6) to base 12
-8b239
What is 64062 (base 11) in base 13?
33592
Convert 888473 (base 11) to base 9.
2588364
What is 4a750 (base 15) in base 8?
720514
11300000021 (base 4) to base 5
341213322
What is -26c201 (base 14) in base 12?
-5471a1
2022323 (base 9) to base 7
12106026
33424020 (base 8) to base 3
111120202220101
Convert -5e3717 (base 15) to base 10.
-4517347
Convert -31173 (base 14) to base 12.
-58555
Convert 114c5d8 (base 14) to base 13.
19305b5
-ad044 (base 16) to base 12
-2a2144
14100040 (base 5) to base 14
3a574
Convert -181ab5 (base 15) to base 7.
-12642401
Convert 1579137 (base 11) to base 6.
133404215
Convert 12122011120 (base 4) to base 2.
110011010000101011000
What is 4367e (base 15) in base 5?
23322334
Convert -1a65ee (base 15) to base 10.
-1287224
What is 31b6 (base 14) in base 7?
34016
Convert -1021312 (base 9) to base 10.
-545546
What is -40ee74 (base 16) in base 11?
-2447119
What is -17622 (base 12) in base 3?
-1201020222
-9baa74 (base 14) to base 4
-110030013032
What is -47845a (base 12) in base 4?
-10121332012
Convert -1044324230 (base 6) to base 10.
-11410938
What is -354143410 (base 6) in base 16?
-654d3e
What is 10200102110 (base 4) in base 5?
300241240
What is -75a110 (base 11) in base 15?
-18ea89
What is -10001100010011110100 (base 2) in base 3?
-1002012100111
Convert -330011033 (base 4) to base 6.
-5135155
What is -2b6b33 (base 12) in base 7?
-6161610
What is 559b9 (base 12) in base 14?
2d657
427a47 (base 11) to base 3
1021202100201
Convert -1a511 (base 16) to base 4.
-122110101
Convert -101111120001 (base 3) to base 5.
-23103323
What is -11001001101010011 (base 2) in base 8?
-311523
What is -26dbb (base 16) in base 4?
-212312323
What is 202241430 (base 5) in base 11?
51121a
Convert -9b74c0 (base 13) to base 16.
-3807d3
What is 613514 (base 8) in base 2?
110001011101001100
What is 5286a (base 11) in base 13?
29013
-4077262 (base 10) to base 5
-2020433022
Convert -2858686 (base 10) to base 11.
-1682856
Convert 12201103313 (base 4) to base 7.
20346251
-13140462 (base 7) to base 15
-18b746
-36a8 (base 12) to base 8
-14040
Convert 1100101100111001010101 (base 2) to base 9.
6234338
What is 4099786 (base 10) in base 12?
145868a
What is 304421300 (base 6) in base 5?
2321300432
What is 23101203 (base 5) in base 13?
72c61
What is -4ba78 (base 14) in base 15?
-3a144
-1011010001000001001 (base 2) to base 15
-745ab
Convert 2b4697 (base 16) to base 11.
1667900
975b (base 12) to base 10
16631
Convert 1066801 (base 13) to base 9.
10380127
Convert d334 (base 15) to base 12.
21987
What is -101021022211 (base 3) in base 12?
-98bb7
-233212210 (base 4) to base 12
-94a04
Convert -102333130122 (base 4) to base 16.
-4bf71a
165404551 (base 7) to base 15
ee6d0a
-23202a (base 12) to base 9
-1047707
Convert -545ab (base 15) to base 16.
-41687
What is 1775259 (base 12) in base 11?
2834983
231022133 (base 4) to base 14
4b5b9
What is 10040555 (base 6) in base 2?
1000101101010010111
Convert -2108202 (base 10) to base 16.
-202b2a
What is 8cb0ac (base 13) in base 8?
14566251
11241265 (base 7) to base 5
223004043
What is -417301 (base 9) in base 10?
-248104
What is 11453726 (base 9) in base 14?
a55ad7
What is 501157 (base 8) in base 5?
20230323
5455352 (base 6) to base 15
5593e
-144564323 (base 7) to base 6
-542221122
What is 1136412 (base 7) in base 11?
99149
What is -686151 (base 10) in base 2?
-10100111100001000111
Convert 1890080 (base 10) to base 7.
22031303
What is 80750 (base 11) in base 15?
24e8a
Convert 133786 (base 9) to base 11.
5630a
Convert 3300043 (base 6) to base 9.
268030
d9a70 (base 14) to base 15
a5d77
-2221103331 (base 4) to base 12
-2953b9
Convert 286237 (base 9) to base 6.
3430524
Convert 10011000010100001011001 (base 2) to base 12.
1808421
What is 1100010011101010 (base 2) in base 6?
1025214
Convert 210414004 (base 6) to base 8.
16004564
-7079185 (base 10) to base 14
-d23c41
-204235 (base 11) to base 13
-b6212
Convert 93e5c0 (base 15) to base 9.
14211840
-205b94 (base 13) to base